7. Suppose -70 = -3*p - o + d, 4*p = -2*o + 128. What is the tens digit of p?
3
Let j = -5 + 0. Let p(k) be the third derivative of k**5/60 + k**4/12 + 5*k**3/6 + 3*k**2. What is the units digit of p(j)?
0
Suppose 84 = 3*l + 3*h, -h + 88 = 3*l + 3*h. What is the tens digit of l?
2
Let l(g) = g**3 - 8*g**2 + 12*g - 5. What is the tens digit of l(7)?
3
Suppose 3*s - 4 = 5*s. Let b = 3 + s. What is the units digit of 0 + (1 - -5*b)?
6
What is the hundreds digit of 12/(-30)*-1*610?
2
Let q = 87 + -126. Let a = 61 + q. What is the tens digit of a?
2
Let i be -1 - (-2)/(-1)*1. Let u be -3*-2*i/(-6). What is the units digit of u - 2*(-1)/1?
5
Let p(j) be the third derivative of j**5/60 - 7*j**4/24 + j**3 + j**2. Let u be p(6). Suppose 4*a + 0*a - 28 = u. What is the units digit of a?
7
What is the tens digit of ((-2 - 2) + (3 - 0))*-180?
8
Suppose 2*r = -21 - 3. Let c(x) = x**2 + 9*x - 9. What is the tens digit of c(r)?
2
Let r(q) = q**2 - q + 3. Let s be r(0). Suppose -4 = -m - 1, -3*b - s*m = -24. Suppose 3*l - f = 14, 10*l - 26 = b*l - f. What is the units digit of l?
5
Suppose 0 = -5*g + 5*x + 260, -8*x + 163 = 4*g - 3*x. What is the units digit of g?
7
Let y(x) = x + 5. Let z be y(-5). What is the units digit of -3 + 2 - (z + -13)?
2
Let h(s) = -173*s**3 - 2*s**2 + 3*s + 4. What is the hundreds digit of h(-1)?
1
Suppose -4*g - 4*x + 2*x = -130, 4*x + 40 = 2*g. Suppose -5*w + 4*w = -g. What is the units digit of w?
0
Let z(w) = -w**3 - 2*w + 229. What is the tens digit of z(0)?
2
Let m(k) be the third derivative of -k**5/60 + k**4/24 + 8*k**3/3 + 4*k**2. What is the units digit of m(0)?
6
Suppose -17 = r - 2*y + 6*y, -22 = r + 5*y. Suppose 54 = r*d - 48. Let v = d - 18. What is the tens digit of v?
1
Let w be 22/(-6) - 6/(-9). Let t(b) = b + 6. Let j be t(w). Suppose v = j*v - 14. What is the units digit of v?
7
Let n = -4 - 0. Let f be (1*21)/((-6)/4). What is the units digit of 60/14 - n/f?
4
Let n(h) = -7*h**2 - h + 2. Let o be n(-3). Let b = -36 - o. What is the tens digit of b?
2
Let u = 6 - 8. Let p be 16/6 + u/(-6). Suppose 4*f = -k - 11, -3*k - f - p*f = -7. What is the units digit of k?
9
Suppose 2360 = 12*w - 2*w. What is the units digit of w?
6
Let a(f) be the first derivative of -f**4/4 - 4*f**3/3 + 2*f**2 + f + 1. Let m be a(-5). Suppose 2 = -4*p + m. What is the units digit of p?
1
Let t(x) = x - 2. Let z be t(2). Suppose -5*i + 8 + 92 = z. What is the tens digit of i?
2
Suppose 320 = b + 3*b. What is the units digit of b?
0
Suppose -4*s = s - 30. Suppose 0 = c - s*c + 115. Suppose 5*o + c = 58. What is the units digit of o?
7
Suppose -2*a - 4*y = 0, 5*a + 7*y - 15 = 2*y. What is the units digit of a?
6
Let d(l) be the second derivative of -l**3/3 + 14*l**2 + 6*l. What is the tens digit of d(0)?
2
Suppose 40 - 432 = -2*j. What is the hundreds digit of j?
1
Let g = 27 - 41. Let h = 15 + g. What is the units digit of h?
1
Suppose 4*o + 3*n + 50 = 9*o, -5*o + 60 = -n. Suppose -3*u = 12, 3*g = 5*u + o + 22. What is the units digit of g?
5
Suppose -4*s - 1 + 17 = -3*d, 5*d = 2*s - 22. What is the units digit of s?
1
Let j be 10/(-4)*(-54)/15. Let b be ((-28)/(-6))/(2/j). Suppose b + 12 = 3*g. What is the tens digit of g?
1
Let f(u) = -u**2 - 6*u - 4. Let c be (6 + -3)*(-4)/3. What is the units digit of f(c)?
4
Let w(x) = x - 5. Let b be w(4). What is the tens digit of (-189)/42*(b + -7)?
3
Let d = -15 - -16. What is the units digit of d?
1
Let w(m) = 2*m**3 - m**2 - 5*m + 2. What is the units digit of w(3)?
2
What is the units digit of ((-3 - 0)/3)/(10/(-1570))?
7
Let w(z) = 35*z - 45. What is the units digit of w(10)?
5
Suppose -6*c + 10 = -c. Let t be 2/8 + 11/4. Suppose -f + c*f - t = 0. What is the units digit of f?
3
Let d(f) = -f + 1. Let b be d(3). Let x(j) = -j**2. Let k(s) = -4*s - 3. Let c(r) = -k(r) - 3*x(r). What is the units digit of c(b)?
7
Suppose 2*l + 2*l - 260 = -2*z, -3*z + 380 = 4*l. What is the hundreds digit of z?
1
What is the units digit of (-1230)/(-42) + (4/(-14))/1?
9
Suppose -248 = 3*b - 7*b. Suppose -4 = -2*o + b. What is the units digit of o?
3
What is the tens digit of 20/25*-2*-20?
3
Let k be (-7 - -5)/((-1)/2). Let f = 5 - k. What is the units digit of f?
1
Let z be 2/11 - (-2548)/22. Let v = z + -74. What is the tens digit of v?
4
Let n(v) = 22*v - 19. What is the hundreds digit of n(7)?
1
Suppose 0 = 4*s + 2*u, 3*u = -s + 2*u - 2. Suppose 0 = -0*p - s*p + 58. What is the tens digit of p?
2
Let p be 16/(-12)*(-1 - 23). Suppose -4*r - p + 152 = 0. What is the tens digit of r?
3
Suppose -91 = -3*i + 77. What is the tens digit of i?
5
Suppose 0 = 2*y - 8 - 28. Let k be (-1 + -29)*4/10. Let x = y + k. What is the units digit of x?
6
Suppose 2*q - 4*f + 4 = -4, -3*q + f - 2 = 0. Suppose q = -0*w - w - 1. What is the units digit of (0 + -7)*w + -1?
6
Let q be 0 + (2 - 4) + 3. Let p be (3 - q) + 4 + -1. Suppose -o = -5, -p*z + 0*o + 30 = 4*o. What is the units digit of z?
2
Suppose -2*f - f = -327. What is the units digit of f?
9
Let w(q) = q**3 + 2*q**2 + 2. Let o be w(-2). Let g = o - -4. Let f = g - -1. What is the units digit of f?
7
Suppose -15 = -5*z - r, r + 7 = z + 2*r. Suppose 0 = -v + 5*v - 104. Suppose -5*q = -2*b + v, z*b + 5*q + 5 = -3*b. What is the units digit of b?
3
Let c(i) be the third derivative of i**5/60 - i**4/24 + i**3/6 + 2*i**2. Let m be c(0). Let n = 9 - m. What is the units digit of n?
8
What is the units digit of ((-4)/(-14) + 10/14)*4?
4
What is the units digit of 6 + -2 - (-49 + 4)?
9
Let d = -303 - -539. What is the hundreds digit of d?
2
Let l be (3/(-4))/(2/(-8)). Suppose l*s + 6 = -3. What is the units digit of 8/(-24) + (-4)/s?
1
Let k(v) = 14*v + 1. Let p be k(1). What is the units digit of 12/(-10)*p/(-2)?
9
Suppose 9*t + 531 - 3501 = 0. What is the hundreds digit of t?
3
Let u(t) = 233*t**2 - 6*t - 4. What is the tens digit of u(-1)?
3
Suppose -5*a + x - 15 = 0, 5 = a - x + 12. Let b = a - -3. What is the units digit of b?
1
Let a(r) = r**3 + 2*r**2 - 4*r. Let x be a(-3). Suppose 0 = -s - g + 21, 2*s + 11 = x*g + 48. What is the units digit of 12/(-10)*s/(-6)?
4
Suppose 7*c = 2*c + 310. What is the units digit of c?
2
Suppose -z - 2*z = 9. What is the units digit of 12*z*3/(-18)?
6
Let h(w) be the first derivative of w**4/4 - 2*w**3/3 + w - 3. Let x be h(1). Suppose -u = -5*m + 1, x*m + 4*m = u. What is the units digit of m?
1
Suppose j - k = -30, -2*k + 33 + 53 = -3*j. What is the units digit of 4/26 - 74/j?
3
Let v = 5 + 39. What is the units digit of v?
4
Let u be 45/20 + (-1)/4. Suppose -2*c + u = 5*g + 15, 3*c = 4*g + 38. What is the units digit of c?
6
Let l(d) be the second derivative of 0 - 1/2*d**2 + 3*d - 19/6*d**3. What is the units digit of l(-1)?
8
What is the hundreds digit of 216/42*9/((-81)/(-588))?
3
Suppose 0 = h - 2, -4*a = -4*h + 24 - 176. What is the units digit of a?
0
Let o(t) = -t**2 - 5*t - 4. Let n be o(-4). Let b = 4 + n. What is the units digit of b?
4
Suppose 0 = -b + 5*n - 0*n + 9, 0 = -b - 5*n - 41. Let g = b - -39. What is the tens digit of g?
2
Suppose 32 = -0*t + 2*t. Let y(c) = 2*c - 1. Let n be y(2). Suppose n*q = -q + t. What is the units digit of q?
4
Let p(d) be the second derivative of d**4/6 - 7*d**3/6 + 5*d**2/2 - d. What is the tens digit of p(5)?
2
Let b = -1 - -4. Suppose b*a + 4 = -j, -2*j - 12 = -j + 5*a. Let s = j - 5. What is the units digit of s?
3
Let t be (0/2)/(-9 - -7). Suppose -5*s + 10 = -t*s. What is the units digit of s?
2
Suppose -122 = -6*t + 5*t. What is the tens digit of t?
2
Suppose 2*v - y - 67 = 0, -63 = -3*v + 5*y + 41. What is the tens digit of v?
3
Let y be (-5)/(20/(-32)) - 0. Suppose -4*v + y*v - 56 = 0. What is the units digit of v?
4
Suppose 2*f + c - 6*c - 73 = 0, -f + 32 = -c. What is the tens digit of f?
2
Let c(b) = -21*b + 17. What is the hundreds digit of c(-6)?
1
Suppose -s + 30 = -73. What is the units digit of s?
3
Let s(p) be the second derivative of p**4/4 - p**3/6 - p**2/2 - 6*p. What is the tens digit of s(-3)?
2
Let u(h) = -h**3 - 3*h**2 - 3*h + 11. What is the units digit of u(-4)?
9
Suppose -6*l + l + 10 = 0. Suppose 8 = 2*j - l. Suppose 4*y + 5*i = 2*y + 18, 4*y - j*i - 6 = 0. What is the units digit of y?
4
Let f = -191 - -201. What is the tens digit of f?
1
Let v(j) = j**3 + 5*j